 h**2 + 34*h + 190. What is j(-9)?
-35
Let b(x) = -5*x**2 - 56*x + 124. What is b(-13)?
7
Let d(s) = 209*s - 196. Give d(1).
13
Let a(q) = -3*q**2 + 76*q - 172. Calculate a(23).
-11
Let q(l) = -75*l**2 - 665*l + 16. Give q(-9).
-74
Let c(b) = -5*b**2 + 47*b - 96. Determine c(2).
-22
Let r(a) = -207*a - 3923. Calculate r(-19).
10
Let f(r) = 30*r + 1003. Determine f(-33).
13
Let x(v) = -2*v**2 + 368*v + 25119. Determine x(-53).
-3
Let c(t) = -2*t**2 + 194*t - 984. What is c(5)?
-64
Let w(t) = 7*t - 64. Give w(24).
104
Let y(h) = h**3 + 16*h**2 + 52*h - 66. What is y(-11)?
-33
Let w(b) = -b**3 - 5*b**2 - b + 29. What is w(-7)?
134
Let v(q) = -43*q + 1236. What is v(29)?
-11
Let g(s) = -443*s - 7957. What is g(-18)?
17
Let l(q) = 2*q**2 - 60*q + 217. Calculate l(26).
9
Let p(i) = 2*i**3 + 211*i**2 + 2796*i + 543. Calculate p(-90).
3
Let w(s) = 160*s + 27. Give w(0).
27
Let d(t) = 133*t - 225. Determine d(2).
41
Let r(b) = b**3 + 55*b**2 + 109*b + 397. Give r(-53).
238
Let f(q) = -4*q**2 - 85*q + 76. Give f(-22).
10
Let b(c) = -37*c - 297. Determine b(-18).
369
Let w(g) = -g**3 + 115*g**2 - 10*g + 1122. Calculate w(115).
-28
Let k(j) = j**2 + 13*j - 256. What is k(-26)?
82
Let s(n) = -3*n**3 - 22*n**2 - 37*n - 8. What is s(-5)?
2
Let r(j) = -j**3 - 19*j**2 + 67*j + 6. Determine r(-22).
-16
Let r(v) = -v**3 - 27*v**2 + 29*v + 59. Give r(-28).
31
Let y(l) = -28*l - 106. Give y(-4).
6
Let z(l) = 47*l + 2174. Determine z(-46).
12
Let t(g) = -69*g**3 + 2140*g**2 - 29*g - 73. Calculate t(31).
-11
Let u(q) = -q**2 + 9*q + 1112. Determine u(39).
-58
Let t(w) = w**3 - 21*w**2 - 78*w + 31. Give t(24).
-113
Let p(h) = -169*h + 824. Give p(5).
-21
Let q(x) = 10*x**2 + 60*x - 8. Calculate q(-5).
-58
Let u(y) = 4*y**2 + 20*y - 6. Give u(-6).
18
Let u(d) = -8*d - 2. What is u(5)?
-42
Let t(d) = d**2 + 473*d + 18841. Give t(-44).
-35
Let b(j) = 35*j - 60. What is b(5)?
115
Let p(k) = -45*k**3 - 85*k + 83. What is p(1)?
-47
Let i(b) = 24*b**2 + 258*b + 176. Give i(-10).
-4
Let d(t) = t**3 + 2*t**2 + 9*t + 223. Calculate d(-6).
25
Let s(x) = x**2 - 8*x - 141. What is s(16)?
-13
Let l(m) = 7*m**3 - 8*m**2 + 92*m - 85. Calculate l(1).
6
Let r(y) = -y**2 + 8*y + 35. What is r(9)?
26
Let y(k) = 2*k**3 + 49*k**2 + 31*k + 92. Determine y(-24).
-76
Let h(v) = 103*v - 26. Determine h(0).
-26
Let l(h) = 28*h**2 + 637*h - 146. Give l(-23).
15
Let k(i) = -52*i + 5044. Give k(98).
-52
Let g(f) = -f**2 + 14*f + 288. Give g(21).
141
Let w(j) = -1351*j - 176983. What is w(-131)?
-2
Let j(c) = 2*c**3 - 13*c**2 - c + 41. Give j(6).
-1
Let v(n) = -2*n**3 + 29*n**2 - 29*n + 659. Determine v(15).
-1
Let g(a) = -36*a**2 - 4*a + 5. Determine g(-1).
-27
Let n(i) = 304*i - 3359. Calculate n(11).
-15
Let k(z) = -1983*z + 3968. Calculate k(2).
2
Let c(y) = 14*y**2 - 383*y + 132. Determine c(27).
-3
Let a(w) = 6*w**3 + 15*w**2 - 5*w - 6. Calculate a(-3).
-18
Let t(l) = -l**3 - 14*l**2 + 90*l + 894. Determine t(-16).
-34
Let p(t) = 4*t**2 - 27*t + 117. Give p(5).
82
Let m(z) = -z**3 - 14*z**2 - 44*z + 28. Determine m(-7).
-7
Let s(l) = 6*l - 110. Give s(13).
-32
Let t(y) = y**3 - 81*y**2 - 82*y + 27. What is t(82)?
27
Let d(m) = -m**2 - 3324*m + 6655. Give d(2).
3
Let z(u) = -u**2 - 81*u - 828. Give z(-12).
0
Let t(j) = 3*j**3 + 263*j**2 - 87*j + 77. Determine t(-88).
-11
Let z(g) = 53*g**2 - 38*g - 38. Give z(-1).
53
Let j(u) = 610*u - 5485. Give j(9).
5
Let v(s) = -238*s + 4750. What is v(20)?
-10
Let i(r) = 76*r**2 - 56*r - 1. What is i(2)?
191
Let q(f) = -5*f**2 - 29*f - 3. Determine q(-6).
-9
Let p(h) = -h**3 + 12*h**2 - 29*h + 154. What is p(10)?
64
Let f(q) = q**2 + 79*q - 548. Give f(6).
-38
Let z(y) = y**3 + 5*y**2 - 24*y - 71. Give z(-7).
-1
Let l(o) = -32*o + 937. Give l(38).
-279
Let i(t) = -2*t**3 + 17*t**2 + 16*t + 154. What is i(10)?
14
Let t(b) = -3612*b + 18028. Give t(5).
-32
Let n(f) = -f**3 + 28*f**2 - 25*f - 62. What is n(27)?
-8
Let a(w) = 1058*w + 1115. What is a(-1)?
57
Let y(w) = -w**2 - 1302*w + 7. Calculate y(0).
7
Let h(j) = -443*j - 3943. What is h(-9)?
44
Let y(p) = 2*p**2 - 12*p - 4. Give y(11).
106
Let q(s) = s**3 - 15*s**2 - 163*s - 4. Determine q(-7).
59
Let n(a) = a**2 + 89*a - 579. Calculate n(6).
-9
Let y(d) = -3*d**2 - 9*d - 11. Give y(-5).
-41
Let l(y) = y**2 - 60*y - 260. Determine l(-4).
-4
Let k(v) = -v**2 + 945*v + 10493. What is k(-11)?
-23
Let n(o) = o**2 + 12*o - 5137. Calculate n(-78).
11
Let k(y) = -6*y + 177. Give k(34).
-27
Let a(o) = 68*o - 37. What is a(2)?
99
Let g(m) = -10250*m + 153758. What is g(15)?
8
Let k(v) = -14*v**2 - 703*v + 1411. Determine k(2).
-51
Let x(a) = -46*a + 2462. Calculate x(68).
-666
Let c(w) = 932*w + 3730. Determine c(-4).
2
Let t(p) = -p**3 - p**2 + 34*p - 11. What is t(5)?
9
Let a(c) = -99*c - 11043. Give a(-111).
-54
Let y(z) = -2*z**3 + 4*z**2 + 2*z + 13. What is y(3)?
1
Let u(p) = -p**2 + 20*p - 220. What is u(8)?
-124
Let h(d) = -d**3 - 3*d**2 - 6*d - 2. Give h(0).
-2
Let k(o) = 2*o**3 + 90*o**2 + 87*o - 34. What is k(-44)?
10
Let l(v) = -v**3 + 15*v**2 + 33*v + 21. Determine l(17).
4
Let f(q) = q**2 + 86*q - 1975. Determine f(19).
20
Let j(w) = -w**3 + 4*w**2 - 186. Give j(0).
-186
Let i(w) = 116*w - 14. Give i(-2).
-246
Let g(q) = -11*q + 369. What is g(37)?
-38
Let g(f) = 4*f - 121. What is g(18)?
-49
Let o(w) = -34*w**2 - 99*w + 3. Determine o(-3).
-6
Let g(y) = -y**2 + 8*y + 51. Calculate g(12).
3
Let p(j) = j**2 - 62*j - 608. Calculate p(71).
31
Let c(a) = -16*a + 328. Give c(20).
8
Let c(k) = 26*k**2 + 9*k - 21. Give c(2).
101
Let m(p) = -p**2 - 25*p + 546. What is m(14)?
0
Let s(p) = 7*p**3 - 204*p**2 + 32*p - 88. Determine s(29).
-1
Let n(f) = 350*f + 354. Determine n(-1).
4
Let o(t) = -122*t**2 + 243*t - 11. Give o(2).
-13
Let u(j) = -j**2 + 83*j + 257. Give u(-3).
-1
Let b(r) = 3*r**2 + 20*r - 92. What is b(-7)?
-85
Let w(u) = 16*u - 60. What is w(0)?
-60
Let v(q) = 26*q + 207. Determine v(-13).
-131
Let b(n) = -2*n**2 + 9*n - 6. Calculate b(2).
4
Let d(j) = -j**3 + j**2 + 60*j - 20. What is d(0)?
-20
Let k(v) = -v**3 - 70*v**2 + 214*v + 14980. Calculate k(-70).
0
Let u(t) = t**3 + 60*t**2 - 64*t - 178. Determine u(-61).
5
Let c(h) = h**3 - 11*h**2 - 25*h - 29. Give c(13).
-16
Let n(f) = -f - 122. Calculate n(0).
-122
Let c(z) = -37*z**3 - 741*z**2 - 10*z + 197. Calculate c(-20).
-3
Let s(h) = h**3 - 21*h**2 - 71*h - 683. Determine s(25).
42
Let z(s) = -s**2 + 17*s + 395. Determine z(30).
5
Let d(i) = -i**2 - 12*i + 47. Calculate d(-15).
2
Let w(y) = 5*y**2 + 122*y + 5. What is w(-7)?
-604
Let h(i) = -103*i - 706. What is h(-7)?
15
Let q(h) = -154*h + 180. Determine q(1).
26
Let z(t) = 11*t**3 - 22*t**2 - 16*t + 33. Calculate z(2).
1
Let k(a) = a**2 - 28*a - 471. Calculate k(-11).
-42
Let l(d) = -193*d - 6759. Calculate l(-35).
-4
Let h(c) = 1117*c - 10054. Calculate h(9).
-1
Let o(c) = -2*c**3 - 732*c**2 - 731*c - 364. Determine o(-365).
1
Let o(t) = -2*t**2 - 181*t - 1067. What is o(-6)?
-53
Let n(w) = w**3 - 16*w**2 + 21*w - 14. Determine n(15).
76
Let k(i) = i**3 + 41*i**2 - 92*i - 2114. Determine k(-42).
-14
Let j(v) = -v**2 - 58*v + 911. Calculate j(13).
-12
Let a(y) = -5*y**3 + 7*y**2 + 40*y + 13. Determine a(-4).
285
Let l(p) = -p**2 - 628*p + 14974. Calculate l(23).
1
Let c(u) = -6*u - 41. Determine c(-9).
13
Let b(p) = -2*p**3 - 19*p**2 - 39*p - 2. Give b(-7).
26
Let t(u) = 19*u**2 - 16*u - 71. What is t(-5)?
484
Let w(r) = -7*r - 400. Determine w(-27).
-211
Let i(s) = -32*s + 3938. Calculate i(123).
2
Let h(j) = 432*j**2 + 6*j + 11. Determine h(-1).
437
Let i(l) = -l**3 + 21*l**2 - 21*l + 23. Give i(20).
3
Let s(n) = -n**2 + 20*n + 84. Determine s(0).
84
Let v(m) = -m**3 - 9*m**2 + 8*m - 10. Give v(-5).
-150
Let q(f) = f**3 - 150*f**2 + 586*f - 302. Calculate q(146).
-10
Let y(h) = h**3 - 23*h**2 + 43*h - 26. What is y(21)?
-5
Let u(x) = 4*x**3 + 3*x**2 - 19*x + 3. What is u(5)?
483
Let w(d) = d**2 + 3435*d - 13753. Give w(4).
3
Let q(z) = -z**3 + 13*z**2 + 41*z + 107. What is q(16)?
-5
Let q(f) = -23*f**2 - 7*f + 1. Determine q(1).
-29
Let b(o) = 30*o - 719. What is b(24)?
1
Let k(h) = -66*h**2 + 28*h + 94. Determine k(-3).
-584
Let q(y) = -2*y**3 + 43*y**2 - 123*y - 58. Calculate q(18).
-4
Let l(f) = 636*f + 60412. Give l(-95).
-8
Let j(n) = n**2 - n - 29. What is j(-8)?
43
Let y(z)